{"id":1582,"date":"2025-04-03T13:44:56","date_gmt":"2025-04-03T13:44:56","guid":{"rendered":"https:\/\/cepas.ufc.br\/?post_type=tribe_events&#038;p=1582"},"modified":"2025-04-08T13:13:07","modified_gmt":"2025-04-08T13:13:07","slug":"planos-de-adaptacao-as-mudancas-climaticas-do-ceara","status":"publish","type":"tribe_events","link":"https:\/\/cepas.ufc.br\/pt_br\/evento\/planos-de-adaptacao-as-mudancas-climaticas-do-ceara\/","title":{"rendered":"Planos de Adapta\u00e7\u00e3o \u00e0s Mudan\u00e7as Clim\u00e1ticas do Cear\u00e1 &#8211; Recursos H\u00eddricos"},"content":{"rendered":"<p><img data-recalc-dims=\"1\" fetchpriority=\"high\" decoding=\"async\" class=\"alignnone size-medium wp-image-1666\" src=\"https:\/\/i0.wp.com\/cepas.ufc.br\/wp-content\/uploads\/2025\/04\/5dc1af37-facc-4500-9d6b-b7590708839d.jpg?resize=300%2C300&#038;ssl=1\" alt=\"\" width=\"300\" height=\"300\" srcset=\"https:\/\/i0.wp.com\/cepas.ufc.br\/wp-content\/uploads\/2025\/04\/5dc1af37-facc-4500-9d6b-b7590708839d.jpg?resize=300%2C300&amp;ssl=1 300w, https:\/\/i0.wp.com\/cepas.ufc.br\/wp-content\/uploads\/2025\/04\/5dc1af37-facc-4500-9d6b-b7590708839d.jpg?resize=150%2C150&amp;ssl=1 150w, https:\/\/i0.wp.com\/cepas.ufc.br\/wp-content\/uploads\/2025\/04\/5dc1af37-facc-4500-9d6b-b7590708839d.jpg?resize=100%2C100&amp;ssl=1 100w, https:\/\/i0.wp.com\/cepas.ufc.br\/wp-content\/uploads\/2025\/04\/5dc1af37-facc-4500-9d6b-b7590708839d.jpg?resize=200%2C200&amp;ssl=1 200w, https:\/\/i0.wp.com\/cepas.ufc.br\/wp-content\/uploads\/2025\/04\/5dc1af37-facc-4500-9d6b-b7590708839d.jpg?resize=400%2C400&amp;ssl=1 400w, https:\/\/i0.wp.com\/cepas.ufc.br\/wp-content\/uploads\/2025\/04\/5dc1af37-facc-4500-9d6b-b7590708839d.jpg?w=500&amp;ssl=1 500w\" sizes=\"(max-width: 300px) 100vw, 300px\" \/><\/p>\n<p>No dia 23 de Abril de 2025 (quarta-feira), \u00e0s 08h, convidamos voc\u00ea para a apresenta\u00e7\u00e3o dos resultados iniciais do Plano de Adapta\u00e7\u00e3o \u00e0s Mudan\u00e7as Clim\u00e1ticas do Cear\u00e1 \u2013 Recursos H\u00eddricos, um momento essencial para compartilharmos os avan\u00e7os e as perspectivas dessa iniciativa.<\/p>\n<p>\ud83d\udccd Local: Sala de Eventos \u2013 CEPAS UFC, Bloco 314, Campus do Pici<\/p>\n<p>Sua presen\u00e7a \u00e9 fundamental para enriquecer esse debate e contribuir para a constru\u00e7\u00e3o de um Cear\u00e1 mais resiliente \u00e0s mudan\u00e7as clim\u00e1ticas.<\/p>\n<p>Nos vemos l\u00e1!<\/p>\n<p>\ud83d\udce2 Confirme sua participa\u00e7\u00e3o e compartilhe com sua rede!<\/p>\n<p>Veja aqui a programa\u00e7\u00e3o completa:<\/p>\n<p>https:\/\/drive.google.com\/file\/d\/1yFmxhyJDKCUf8ViB49D8iEIK00Si4QW2\/view<\/p>\n","protected":false},"excerpt":{"rendered":"<p>No dia 23 de Abril de 2025 (quarta-feira), \u00e0s 08h, convidamos voc\u00ea para a apresenta\u00e7\u00e3o dos resultados iniciais do Plano de Adapta\u00e7\u00e3o \u00e0s Mudan\u00e7as Clim\u00e1ticas do Cear\u00e1 \u2013 Recursos H\u00eddricos, um momento essencial para compartilharmos os avan\u00e7os e as perspectivas dessa iniciativa. \ud83d\udccd Local: Sala de Eventos \u2013 CEPAS UFC, Bloco 314, Campus do Pici Sua presen\u00e7a \u00e9 fundamental para enriquecer esse debate e contribuir para a constru\u00e7\u00e3o de um Cear\u00e1 mais resiliente \u00e0s mudan\u00e7as clim\u00e1ticas. Nos vemos l\u00e1! \ud83d\udce2 Confirme sua participa\u00e7\u00e3o e compartilhe com sua rede! Veja aqui a programa\u00e7\u00e3o completa: https:\/\/drive.google.com\/file\/d\/1yFmxhyJDKCUf8ViB49D8iEIK00Si4QW2\/view<\/p>\n","protected":false},"author":1,"featured_media":0,"template":"","meta":{"nf_dc_page":"","_tribe_events_status":"","_tribe_events_status_reason":"","footnotes":""},"tags":[],"tribe_events_cat":[],"class_list":["post-1582","tribe_events","type-tribe_events","status-publish","hentry"],"jetpack_sharing_enabled":true,"_links":{"self":[{"href":"https:\/\/cepas.ufc.br\/pt_br\/wp-json\/wp\/v2\/tribe_events\/1582","targetHints":{"allow":["GET"]}}],"collection":[{"href":"https:\/\/cepas.ufc.br\/pt_br\/wp-json\/wp\/v2\/tribe_events"}],"about":[{"href":"https:\/\/cepas.ufc.br\/pt_br\/wp-json\/wp\/v2\/types\/tribe_events"}],"author":[{"embeddable":true,"href":"https:\/\/cepas.ufc.br\/pt_br\/wp-json\/wp\/v2\/users\/1"}],"version-history":[{"count":4,"href":"https:\/\/cepas.ufc.br\/pt_br\/wp-json\/wp\/v2\/tribe_events\/1582\/revisions"}],"predecessor-version":[{"id":1667,"href":"https:\/\/cepas.ufc.br\/pt_br\/wp-json\/wp\/v2\/tribe_events\/1582\/revisions\/1667"}],"wp:attachment":[{"href":"https:\/\/cepas.ufc.br\/pt_br\/wp-json\/wp\/v2\/media?parent=1582"}],"wp:term":[{"taxonomy":"post_tag","embeddable":true,"href":"https:\/\/cepas.ufc.br\/pt_br\/wp-json\/wp\/v2\/tags?post=1582"},{"taxonomy":"tribe_events_cat","embeddable":true,"href":"https:\/\/cepas.ufc.br\/pt_br\/wp-json\/wp\/v2\/tribe_events_cat?post=1582"}],"curies":[{"name":"wp","href":"https:\/\/api.w.org\/{rel}","templated":true}]}}

Planos de Adaptação às Mudanças Climáticas do Ceará &#8211; Recursos Hídricos

<p><img data-recalc-dims="1" fetchpriority="high" decoding="async" class="alignnone size-medium wp-image-1666" src="https://i0.wp.com/cepas.ufc.br/wp-content/uploads/2025/04/5dc1af37-facc-4500-9d6b-b7590708839d.jpg?resize=300%2C300&#038;ssl=1" alt="" width="300" height="300" srcset="https://i0.wp.com/cepas.ufc.br/wp-content/uploads/2025/04/5dc1af37-facc-4500-9d6b-b7590708839d.jpg?resize=300%2C300&amp;ssl=1 300w, https://i0.wp.com/cepas.ufc.br/wp-content/uploads/2025/04/5dc1af37-facc-4500-9d6b-b7590708839d.jpg?resize=150%2C150&amp;ssl=1 150w, https://i0.wp.com/cepas.ufc.br/wp-content/uploads/2025/04/5dc1af37-facc-4500-9d6b-b7590708839d.jpg?resize=100%2C100&amp;ssl=1 100w, https://i0.wp.com/cepas.ufc.br/wp-content/uploads/2025/04/5dc1af37-facc-4500-9d6b-b7590708839d.jpg?resize=200%2C200&amp;ssl=1 200w, https://i0.wp.com/cepas.ufc.br/wp-content/uploads/2025/04/5dc1af37-facc-4500-9d6b-b7590708839d.jpg?resize=400%2C400&amp;ssl=1 400w, https://i0.wp.com/cepas.ufc.br/wp-content/uploads/2025/04/5dc1af37-facc-4500-9d6b-b7590708839d.jpg?w=500&amp;ssl=1 500w" sizes="(max-width: 300px) 100vw, 300px" /></p>
<p>No dia 23 de Abril de 2025 (quarta-feira), às 08h, convidamos você para a apresentação dos resultados iniciais do Plano de Adaptação às Mudanças Climáticas do Ceará – Recursos Hídricos, um momento essencial para compartilharmos os avanços e as perspectivas dessa iniciativa.</p>
<p>📍 Local: Sala de Eventos – CEPAS UFC, Bloco 314, Campus do Pici</p>
<p>Sua presença é fundamental para enriquecer esse debate e contribuir para a construção de um Ceará mais resiliente às mudanças climáticas.</p>
<p>Nos vemos lá!</p>
<p>📢 Confirme sua participação e compartilhe com sua rede!</p>
<p>Veja aqui a programação completa:</p>
<p>https://drive.google.com/file/d/1yFmxhyJDKCUf8ViB49D8iEIK00Si4QW2/view</p>

<p>No dia 23 de Abril de 2025 (quarta-feira), às 08h, convidamos você para a apresentação dos resultados iniciais do Plano de Adaptação às Mudanças Climáticas do Ceará – Recursos Hídricos, um momento essencial para compartilharmos os avanços e as perspectivas dessa iniciativa. 📍 Local: Sala de Eventos – CEPAS UFC, Bloco 314, Campus do Pici Sua presença é fundamental para enriquecer esse debate e contribuir para a construção de um Ceará mais resiliente às mudanças climáticas. Nos vemos lá! 📢 Confirme sua participação e compartilhe com sua rede! Veja aqui a programação completa: https://drive.google.com/file/d/1yFmxhyJDKCUf8ViB49D8iEIK00Si4QW2/view</p>
