{"id":1668,"date":"2025-04-08T13:17:29","date_gmt":"2025-04-08T13:17:29","guid":{"rendered":"https:\/\/cepas.ufc.br\/?post_type=tribe_events&#038;p=1668"},"modified":"2025-05-05T12:54:20","modified_gmt":"2025-05-05T12:54:20","slug":"lancamento-do-livro-economia-politica-das-aguas-no-ceara-alocacao-conflitos-participacao-colecao-olho-dagua","status":"publish","type":"tribe_events","link":"https:\/\/cepas.ufc.br\/pt_br\/evento\/lancamento-do-livro-economia-politica-das-aguas-no-ceara-alocacao-conflitos-participacao-colecao-olho-dagua\/","title":{"rendered":"Lan\u00e7amento do livro Economia Pol\u00edtica das \u00c1guas no Cear\u00e1 (aloca\u00e7\u00e3o, conflitos, participa\u00e7\u00e3o) &#8211; Cole\u00e7\u00e3o Olho D\u00b4\u00c1gua"},"content":{"rendered":"<p><img data-recalc-dims=\"1\" fetchpriority=\"high\" decoding=\"async\" class=\"wp-image-1741 aligncenter\" src=\"https:\/\/i0.wp.com\/cepas.ufc.br\/wp-content\/uploads\/2025\/04\/Convidamos-voce-para-o-lancamento-do-livro-Economia-Politica-das-Aguas-no-Ceara-alocacao-conflitos-participacao.%F0%9F%97%93-Data-6-de-maio-de-2025-terca-feira-Horario-17h-Local-Auditorio-da-Reitoria-%E2%80%93-UFCA-pub.jpg?resize=496%2C620&#038;ssl=1\" alt=\"\" width=\"496\" height=\"620\" srcset=\"https:\/\/i0.wp.com\/cepas.ufc.br\/wp-content\/uploads\/2025\/04\/Convidamos-voce-para-o-lancamento-do-livro-Economia-Politica-das-Aguas-no-Ceara-alocacao-conflitos-participacao.%F0%9F%97%93-Data-6-de-maio-de-2025-terca-feira-Horario-17h-Local-Auditorio-da-Reitoria-%E2%80%93-UFCA-pub.jpg?resize=240%2C300&amp;ssl=1 240w, https:\/\/i0.wp.com\/cepas.ufc.br\/wp-content\/uploads\/2025\/04\/Convidamos-voce-para-o-lancamento-do-livro-Economia-Politica-das-Aguas-no-Ceara-alocacao-conflitos-participacao.%F0%9F%97%93-Data-6-de-maio-de-2025-terca-feira-Horario-17h-Local-Auditorio-da-Reitoria-%E2%80%93-UFCA-pub.jpg?resize=819%2C1024&amp;ssl=1 819w, https:\/\/i0.wp.com\/cepas.ufc.br\/wp-content\/uploads\/2025\/04\/Convidamos-voce-para-o-lancamento-do-livro-Economia-Politica-das-Aguas-no-Ceara-alocacao-conflitos-participacao.%F0%9F%97%93-Data-6-de-maio-de-2025-terca-feira-Horario-17h-Local-Auditorio-da-Reitoria-%E2%80%93-UFCA-pub.jpg?resize=768%2C960&amp;ssl=1 768w, https:\/\/i0.wp.com\/cepas.ufc.br\/wp-content\/uploads\/2025\/04\/Convidamos-voce-para-o-lancamento-do-livro-Economia-Politica-das-Aguas-no-Ceara-alocacao-conflitos-participacao.%F0%9F%97%93-Data-6-de-maio-de-2025-terca-feira-Horario-17h-Local-Auditorio-da-Reitoria-%E2%80%93-UFCA-pub.jpg?w=1080&amp;ssl=1 1080w\" sizes=\"(max-width: 496px) 100vw, 496px\" \/><\/p>\n<p>\ud83d\udce2 Convidamos voc\u00ea para o lan\u00e7amento do livro: \u201cEconomia Pol\u00edtica das \u00c1guas no Cear\u00e1 (aloca\u00e7\u00e3o, conflitos, participa\u00e7\u00e3o)\u201d.<\/p>\n<p>\ud83d\uddd3 Data: 6 de maio de 2025 (ter\u00e7a-feira)<br \/>\n\u23f0 Hor\u00e1rio: 17h<br \/>\n\ud83d\udccd Local: Audit\u00f3rio da Reitoria \u2013 UFC<\/p>\n<p>A publica\u00e7\u00e3o \u00e9 resultado de uma experi\u00eancia coletiva de pesquisa interdisciplinar que re\u00fane contribui\u00e7\u00f5es das \u00e1reas de Engenharia, Recursos H\u00eddricos e Ci\u00eancias Sociais, refletindo sobre os desafios da aloca\u00e7\u00e3o de \u00e1guas no Cear\u00e1 e propondo caminhos para uma gest\u00e3o mais democr\u00e1tica e sustent\u00e1vel.<\/p>\n<p>\ud83d\udcda Participa\u00e7\u00e3o dos organizadores:<br \/>\nC\u00e9sar Barreira, Francisco de Assis de Souza Filho, Irlys Alencar Firmo Barreira e Sandra Helena Silva de Aquino.<\/p>\n<p>\ud83d\udcd6 Sua presen\u00e7a ser\u00e1 muito bem-vinda<\/p>\n","protected":false},"excerpt":{"rendered":"<p>\ud83d\udce2 Convidamos voc\u00ea para o lan\u00e7amento do livro: \u201cEconomia Pol\u00edtica das \u00c1guas no Cear\u00e1 (aloca\u00e7\u00e3o, conflitos, participa\u00e7\u00e3o)\u201d. \ud83d\uddd3 Data: 6 de maio de 2025 (ter\u00e7a-feira) \u23f0 Hor\u00e1rio: 17h \ud83d\udccd Local: Audit\u00f3rio da Reitoria \u2013 UFC A publica\u00e7\u00e3o \u00e9 resultado de uma experi\u00eancia coletiva de pesquisa interdisciplinar que re\u00fane contribui\u00e7\u00f5es das \u00e1reas de Engenharia, Recursos H\u00eddricos e Ci\u00eancias Sociais, refletindo sobre os desafios da aloca\u00e7\u00e3o de \u00e1guas no Cear\u00e1 e propondo caminhos para uma gest\u00e3o mais democr\u00e1tica e sustent\u00e1vel. \ud83d\udcda Participa\u00e7\u00e3o dos organizadores: C\u00e9sar Barreira, Francisco de Assis de Souza Filho, Irlys Alencar Firmo Barreira e Sandra Helena Silva de Aquino. \ud83d\udcd6 Sua presen\u00e7a ser\u00e1 muito bem-vinda<\/p>\n","protected":false},"author":1,"featured_media":0,"template":"","meta":{"nf_dc_page":"","_tribe_events_status":"","_tribe_events_status_reason":"","footnotes":""},"tags":[],"tribe_events_cat":[],"class_list":["post-1668","tribe_events","type-tribe_events","status-publish","hentry"],"jetpack_sharing_enabled":true,"_links":{"self":[{"href":"https:\/\/cepas.ufc.br\/pt_br\/wp-json\/wp\/v2\/tribe_events\/1668","targetHints":{"allow":["GET"]}}],"collection":[{"href":"https:\/\/cepas.ufc.br\/pt_br\/wp-json\/wp\/v2\/tribe_events"}],"about":[{"href":"https:\/\/cepas.ufc.br\/pt_br\/wp-json\/wp\/v2\/types\/tribe_events"}],"author":[{"embeddable":true,"href":"https:\/\/cepas.ufc.br\/pt_br\/wp-json\/wp\/v2\/users\/1"}],"version-history":[{"count":3,"href":"https:\/\/cepas.ufc.br\/pt_br\/wp-json\/wp\/v2\/tribe_events\/1668\/revisions"}],"predecessor-version":[{"id":1743,"href":"https:\/\/cepas.ufc.br\/pt_br\/wp-json\/wp\/v2\/tribe_events\/1668\/revisions\/1743"}],"wp:attachment":[{"href":"https:\/\/cepas.ufc.br\/pt_br\/wp-json\/wp\/v2\/media?parent=1668"}],"wp:term":[{"taxonomy":"post_tag","embeddable":true,"href":"https:\/\/cepas.ufc.br\/pt_br\/wp-json\/wp\/v2\/tags?post=1668"},{"taxonomy":"tribe_events_cat","embeddable":true,"href":"https:\/\/cepas.ufc.br\/pt_br\/wp-json\/wp\/v2\/tribe_events_cat?post=1668"}],"curies":[{"name":"wp","href":"https:\/\/api.w.org\/{rel}","templated":true}]}}

Lançamento do livro Economia Política das Águas no Ceará (alocação, conflitos, participação) &#8211; Coleção Olho D´Água

<p><img data-recalc-dims="1" fetchpriority="high" decoding="async" class="wp-image-1741 aligncenter" src="https://i0.wp.com/cepas.ufc.br/wp-content/uploads/2025/04/Convidamos-voce-para-o-lancamento-do-livro-Economia-Politica-das-Aguas-no-Ceara-alocacao-conflitos-participacao.%F0%9F%97%93-Data-6-de-maio-de-2025-terca-feira-Horario-17h-Local-Auditorio-da-Reitoria-%E2%80%93-UFCA-pub.jpg?resize=496%2C620&#038;ssl=1" alt="" width="496" height="620" srcset="https://i0.wp.com/cepas.ufc.br/wp-content/uploads/2025/04/Convidamos-voce-para-o-lancamento-do-livro-Economia-Politica-das-Aguas-no-Ceara-alocacao-conflitos-participacao.%F0%9F%97%93-Data-6-de-maio-de-2025-terca-feira-Horario-17h-Local-Auditorio-da-Reitoria-%E2%80%93-UFCA-pub.jpg?resize=240%2C300&amp;ssl=1 240w, https://i0.wp.com/cepas.ufc.br/wp-content/uploads/2025/04/Convidamos-voce-para-o-lancamento-do-livro-Economia-Politica-das-Aguas-no-Ceara-alocacao-conflitos-participacao.%F0%9F%97%93-Data-6-de-maio-de-2025-terca-feira-Horario-17h-Local-Auditorio-da-Reitoria-%E2%80%93-UFCA-pub.jpg?resize=819%2C1024&amp;ssl=1 819w, https://i0.wp.com/cepas.ufc.br/wp-content/uploads/2025/04/Convidamos-voce-para-o-lancamento-do-livro-Economia-Politica-das-Aguas-no-Ceara-alocacao-conflitos-participacao.%F0%9F%97%93-Data-6-de-maio-de-2025-terca-feira-Horario-17h-Local-Auditorio-da-Reitoria-%E2%80%93-UFCA-pub.jpg?resize=768%2C960&amp;ssl=1 768w, https://i0.wp.com/cepas.ufc.br/wp-content/uploads/2025/04/Convidamos-voce-para-o-lancamento-do-livro-Economia-Politica-das-Aguas-no-Ceara-alocacao-conflitos-participacao.%F0%9F%97%93-Data-6-de-maio-de-2025-terca-feira-Horario-17h-Local-Auditorio-da-Reitoria-%E2%80%93-UFCA-pub.jpg?w=1080&amp;ssl=1 1080w" sizes="(max-width: 496px) 100vw, 496px" /></p>
<p>📢 Convidamos você para o lançamento do livro: “Economia Política das Águas no Ceará (alocação, conflitos, participação)”.</p>
<p>🗓 Data: 6 de maio de 2025 (terça-feira)<br />
⏰ Horário: 17h<br />
📍 Local: Auditório da Reitoria – UFC</p>
<p>A publicação é resultado de uma experiência coletiva de pesquisa interdisciplinar que reúne contribuições das áreas de Engenharia, Recursos Hídricos e Ciências Sociais, refletindo sobre os desafios da alocação de águas no Ceará e propondo caminhos para uma gestão mais democrática e sustentável.</p>
<p>📚 Participação dos organizadores:<br />
César Barreira, Francisco de Assis de Souza Filho, Irlys Alencar Firmo Barreira e Sandra Helena Silva de Aquino.</p>
<p>📖 Sua presença será muito bem-vinda</p>

<p>📢 Convidamos você para o lançamento do livro: “Economia Política das Águas no Ceará (alocação, conflitos, participação)”. 🗓 Data: 6 de maio de 2025 (terça-feira) ⏰ Horário: 17h 📍 Local: Auditório da Reitoria – UFC A publicação é resultado de uma experiência coletiva de pesquisa interdisciplinar que reúne contribuições das áreas de Engenharia, Recursos Hídricos e Ciências Sociais, refletindo sobre os desafios da alocação de águas no Ceará e propondo caminhos para uma gestão mais democrática e sustentável. 📚 Participação dos organizadores: César Barreira, Francisco de Assis de Souza Filho, Irlys Alencar Firmo Barreira e Sandra Helena Silva de Aquino. 📖 Sua presença será muito bem-vinda</p>
