{"id":2060,"date":"2025-11-17T14:09:06","date_gmt":"2025-11-17T14:09:06","guid":{"rendered":"https:\/\/cepas.ufc.br\/?post_type=tribe_events&#038;p=2060"},"modified":"2025-11-17T14:09:06","modified_gmt":"2025-11-17T14:09:06","slug":"xxvi-simposio-brasileiro-de-recursos-hidricos","status":"publish","type":"tribe_events","link":"https:\/\/cepas.ufc.br\/pt_br\/evento\/xxvi-simposio-brasileiro-de-recursos-hidricos\/","title":{"rendered":"XXVI Simp\u00f3sio Brasileiro de Recursos H\u00eddricos"},"content":{"rendered":"<p>O XXVI Simp\u00f3sio Brasileiro de Recursos H\u00eddricos ser\u00e1 realizado de 23 a 28 de novembro de 2025, na cidade de Vit\u00f3ria, ES.<\/p>\n<p>O local escolhido para sediar o evento \u00e9 o Pavilh\u00e3o de Carapina, localizado na regi\u00e3o metropolitana de Vit\u00f3ria.<\/p>\n<p>Rodovia do Contorno (BR-101), Km 0, S\/N \u2013 Carapina,\u00a0Serra\u00a0\u2013\u00a0ES.<\/p>\n","protected":false},"excerpt":{"rendered":"<p>O XXVI Simp\u00f3sio Brasileiro de Recursos H\u00eddricos ser\u00e1 realizado de 23 a 28 de novembro de 2025, na cidade de Vit\u00f3ria, ES. O local escolhido para sediar o evento \u00e9 o Pavilh\u00e3o de Carapina, localizado na regi\u00e3o metropolitana de Vit\u00f3ria. Rodovia do Contorno (BR-101), Km 0, S\/N \u2013 Carapina,\u00a0Serra\u00a0\u2013\u00a0ES.<\/p>\n","protected":false},"author":1,"featured_media":0,"template":"","meta":{"nf_dc_page":"","_tribe_events_status":"","_tribe_events_status_reason":"","footnotes":""},"tags":[],"tribe_events_cat":[],"class_list":["post-2060","tribe_events","type-tribe_events","status-publish","hentry"],"jetpack_sharing_enabled":true,"_links":{"self":[{"href":"https:\/\/cepas.ufc.br\/pt_br\/wp-json\/wp\/v2\/tribe_events\/2060","targetHints":{"allow":["GET"]}}],"collection":[{"href":"https:\/\/cepas.ufc.br\/pt_br\/wp-json\/wp\/v2\/tribe_events"}],"about":[{"href":"https:\/\/cepas.ufc.br\/pt_br\/wp-json\/wp\/v2\/types\/tribe_events"}],"author":[{"embeddable":true,"href":"https:\/\/cepas.ufc.br\/pt_br\/wp-json\/wp\/v2\/users\/1"}],"version-history":[{"count":1,"href":"https:\/\/cepas.ufc.br\/pt_br\/wp-json\/wp\/v2\/tribe_events\/2060\/revisions"}],"predecessor-version":[{"id":2062,"href":"https:\/\/cepas.ufc.br\/pt_br\/wp-json\/wp\/v2\/tribe_events\/2060\/revisions\/2062"}],"wp:attachment":[{"href":"https:\/\/cepas.ufc.br\/pt_br\/wp-json\/wp\/v2\/media?parent=2060"}],"wp:term":[{"taxonomy":"post_tag","embeddable":true,"href":"https:\/\/cepas.ufc.br\/pt_br\/wp-json\/wp\/v2\/tags?post=2060"},{"taxonomy":"tribe_events_cat","embeddable":true,"href":"https:\/\/cepas.ufc.br\/pt_br\/wp-json\/wp\/v2\/tribe_events_cat?post=2060"}],"curies":[{"name":"wp","href":"https:\/\/api.w.org\/{rel}","templated":true}]}}

XXVI Simpósio Brasileiro de Recursos Hídricos

<p>O XXVI Simpósio Brasileiro de Recursos Hídricos será realizado de 23 a 28 de novembro de 2025, na cidade de Vitória, ES.</p>
<p>O local escolhido para sediar o evento é o Pavilhão de Carapina, localizado na região metropolitana de Vitória.</p>
<p>Rodovia do Contorno (BR-101), Km 0, S/N – Carapina, Serra – ES.</p>

<p>O XXVI Simpósio Brasileiro de Recursos Hídricos será realizado de 23 a 28 de novembro de 2025, na cidade de Vitória, ES. O local escolhido para sediar o evento é o Pavilhão de Carapina, localizado na região metropolitana de Vitória. Rodovia do Contorno (BR-101), Km 0, S/N – Carapina, Serra – ES.</p>
