{"id":2063,"date":"2025-11-17T14:10:34","date_gmt":"2025-11-17T14:10:34","guid":{"rendered":"https:\/\/cepas.ufc.br\/?post_type=tribe_events&#038;p=2063"},"modified":"2025-11-17T14:14:15","modified_gmt":"2025-11-17T14:14:15","slug":"oficina-dialogos-para-a-regulacao-desestatizacao-dos-projetos-publicos-de-irrigacao-no-brasil","status":"publish","type":"tribe_events","link":"https:\/\/cepas.ufc.br\/pt_br\/evento\/oficina-dialogos-para-a-regulacao-desestatizacao-dos-projetos-publicos-de-irrigacao-no-brasil\/","title":{"rendered":"Oficina &#8211; Di\u00e1logos para a Regula\u00e7\u00e3o: Desestatiza\u00e7\u00e3o dos Projetos P\u00fablicos de Irriga\u00e7\u00e3o no Brasil"},"content":{"rendered":"<p>No dia 25 de novembro, em parceria com a ANA, realizaremos o evento paralelo no XXIV Simp\u00f3sio Brasileiro de Recursos H\u00eddricos, um espa\u00e7o de troca e constru\u00e7\u00e3o coletiva sobre modelos de concess\u00e3o, gest\u00e3o e regula\u00e7\u00e3o da irriga\u00e7\u00e3o p\u00fablica no pa\u00eds.<\/p>\n<p>\ud83d\udccd Pavilh\u00e3o de Carapina \u2013 Serra\/ES (XXIV Simp\u00f3sio Brasileiro de Recursos H\u00eddricos, Sala de Reuni\u00f5es 01)<br \/>\n\ud83d\udd58\u00a09h\u00a0\u00e0s\u00a017<\/p>\n","protected":false},"excerpt":{"rendered":"<p>No dia 25 de novembro, em parceria com a ANA, realizaremos o evento paralelo no XXIV Simp\u00f3sio Brasileiro de Recursos H\u00eddricos, um espa\u00e7o de troca e constru\u00e7\u00e3o coletiva sobre modelos de concess\u00e3o, gest\u00e3o e regula\u00e7\u00e3o da irriga\u00e7\u00e3o p\u00fablica no pa\u00eds. \ud83d\udccd Pavilh\u00e3o de Carapina \u2013 Serra\/ES (XXIV Simp\u00f3sio Brasileiro de Recursos H\u00eddricos, Sala de Reuni\u00f5es 01) \ud83d\udd58\u00a09h\u00a0\u00e0s\u00a017<\/p>\n","protected":false},"author":1,"featured_media":0,"template":"","meta":{"nf_dc_page":"","_tribe_events_status":"","_tribe_events_status_reason":"","footnotes":""},"tags":[],"tribe_events_cat":[],"class_list":["post-2063","tribe_events","type-tribe_events","status-publish","hentry"],"jetpack_sharing_enabled":true,"_links":{"self":[{"href":"https:\/\/cepas.ufc.br\/pt_br\/wp-json\/wp\/v2\/tribe_events\/2063","targetHints":{"allow":["GET"]}}],"collection":[{"href":"https:\/\/cepas.ufc.br\/pt_br\/wp-json\/wp\/v2\/tribe_events"}],"about":[{"href":"https:\/\/cepas.ufc.br\/pt_br\/wp-json\/wp\/v2\/types\/tribe_events"}],"author":[{"embeddable":true,"href":"https:\/\/cepas.ufc.br\/pt_br\/wp-json\/wp\/v2\/users\/1"}],"version-history":[{"count":2,"href":"https:\/\/cepas.ufc.br\/pt_br\/wp-json\/wp\/v2\/tribe_events\/2063\/revisions"}],"predecessor-version":[{"id":2067,"href":"https:\/\/cepas.ufc.br\/pt_br\/wp-json\/wp\/v2\/tribe_events\/2063\/revisions\/2067"}],"wp:attachment":[{"href":"https:\/\/cepas.ufc.br\/pt_br\/wp-json\/wp\/v2\/media?parent=2063"}],"wp:term":[{"taxonomy":"post_tag","embeddable":true,"href":"https:\/\/cepas.ufc.br\/pt_br\/wp-json\/wp\/v2\/tags?post=2063"},{"taxonomy":"tribe_events_cat","embeddable":true,"href":"https:\/\/cepas.ufc.br\/pt_br\/wp-json\/wp\/v2\/tribe_events_cat?post=2063"}],"curies":[{"name":"wp","href":"https:\/\/api.w.org\/{rel}","templated":true}]}}

Oficina &#8211; Diálogos para a Regulação: Desestatização dos Projetos Públicos de Irrigação no Brasil

<p>No dia 25 de novembro, em parceria com a ANA, realizaremos o evento paralelo no XXIV Simpósio Brasileiro de Recursos Hídricos, um espaço de troca e construção coletiva sobre modelos de concessão, gestão e regulação da irrigação pública no país.</p>
<p>📍 Pavilhão de Carapina – Serra/ES (XXIV Simpósio Brasileiro de Recursos Hídricos, Sala de Reuniões 01)<br />
🕘 9h às 17</p>

<p>No dia 25 de novembro, em parceria com a ANA, realizaremos o evento paralelo no XXIV Simpósio Brasileiro de Recursos Hídricos, um espaço de troca e construção coletiva sobre modelos de concessão, gestão e regulação da irrigação pública no país. 📍 Pavilhão de Carapina – Serra/ES (XXIV Simpósio Brasileiro de Recursos Hídricos, Sala de Reuniões 01) 🕘 9h às 17</p>
