{"id":2065,"date":"2025-11-17T14:11:15","date_gmt":"2025-11-17T14:11:15","guid":{"rendered":"https:\/\/cepas.ufc.br\/?post_type=tribe_events&#038;p=2065"},"modified":"2025-11-17T14:14:30","modified_gmt":"2025-11-17T14:14:30","slug":"reuniao-aberta-ao-publico-estrategia-de-gestao-de-secas-nos-recurssos-hidricos-experiencia-do-ceara","status":"publish","type":"tribe_events","link":"https:\/\/cepas.ufc.br\/pt_br\/evento\/reuniao-aberta-ao-publico-estrategia-de-gestao-de-secas-nos-recurssos-hidricos-experiencia-do-ceara\/","title":{"rendered":"Reuni\u00e3o Aberta &#8211; Estrat\u00e9gia de Gest\u00e3o de Secas nos Recursos H\u00eddricos: Experi\u00eancia\u00a0do\u00a0Cear\u00e1"},"content":{"rendered":"<p>Evento confirmado para dia 26\/11, das 10h00 \u00e0s 13h00, Pavilh\u00e3o de Carapina \u2013 Serra\/ES (XXIV Simp\u00f3sio Brasileiro de Recursos H\u00eddricos, Sala\u00a0de\u00a0Reuni\u00f5es\u00a001)<\/p>\n","protected":false},"excerpt":{"rendered":"<p>Evento confirmado para dia 26\/11, das 10h00 \u00e0s 13h00, Pavilh\u00e3o de Carapina \u2013 Serra\/ES (XXIV Simp\u00f3sio Brasileiro de Recursos H\u00eddricos, Sala\u00a0de\u00a0Reuni\u00f5es\u00a001)<\/p>\n","protected":false},"author":1,"featured_media":0,"template":"","meta":{"nf_dc_page":"","_tribe_events_status":"","_tribe_events_status_reason":"","footnotes":""},"tags":[],"tribe_events_cat":[],"class_list":["post-2065","tribe_events","type-tribe_events","status-publish","hentry"],"jetpack_sharing_enabled":true,"_links":{"self":[{"href":"https:\/\/cepas.ufc.br\/pt_br\/wp-json\/wp\/v2\/tribe_events\/2065","targetHints":{"allow":["GET"]}}],"collection":[{"href":"https:\/\/cepas.ufc.br\/pt_br\/wp-json\/wp\/v2\/tribe_events"}],"about":[{"href":"https:\/\/cepas.ufc.br\/pt_br\/wp-json\/wp\/v2\/types\/tribe_events"}],"author":[{"embeddable":true,"href":"https:\/\/cepas.ufc.br\/pt_br\/wp-json\/wp\/v2\/users\/1"}],"version-history":[{"count":2,"href":"https:\/\/cepas.ufc.br\/pt_br\/wp-json\/wp\/v2\/tribe_events\/2065\/revisions"}],"predecessor-version":[{"id":2068,"href":"https:\/\/cepas.ufc.br\/pt_br\/wp-json\/wp\/v2\/tribe_events\/2065\/revisions\/2068"}],"wp:attachment":[{"href":"https:\/\/cepas.ufc.br\/pt_br\/wp-json\/wp\/v2\/media?parent=2065"}],"wp:term":[{"taxonomy":"post_tag","embeddable":true,"href":"https:\/\/cepas.ufc.br\/pt_br\/wp-json\/wp\/v2\/tags?post=2065"},{"taxonomy":"tribe_events_cat","embeddable":true,"href":"https:\/\/cepas.ufc.br\/pt_br\/wp-json\/wp\/v2\/tribe_events_cat?post=2065"}],"curies":[{"name":"wp","href":"https:\/\/api.w.org\/{rel}","templated":true}]}}

Reunião Aberta &#8211; Estratégia de Gestão de Secas nos Recursos Hídricos: Experiência do Ceará

<p>Evento confirmado para dia 26/11, das 10h00 às 13h00, Pavilhão de Carapina – Serra/ES (XXIV Simpósio Brasileiro de Recursos Hídricos, Sala de Reuniões 01)</p>
