{"id":719,"date":"2024-11-17T21:09:46","date_gmt":"2024-11-17T21:09:46","guid":{"rendered":"https:\/\/cepas.ufc.br\/?post_type=tribe_events&#038;p=719"},"modified":"2024-11-17T21:10:36","modified_gmt":"2024-11-17T21:10:36","slug":"xvii-simposio-de-recursos-hidricos-do-nordeste","status":"publish","type":"tribe_events","link":"https:\/\/cepas.ufc.br\/pt_br\/evento\/xvii-simposio-de-recursos-hidricos-do-nordeste\/","title":{"rendered":"XVII Simp\u00f3sio de Recursos H\u00eddricos do Nordeste"},"content":{"rendered":"<p>A ABRHidro e entidades parceiras t\u00eam o prazer de anunciar o nosso t\u00e3o aguardado XVII Simp\u00f3sio de Recursos H\u00eddricos do Nordeste, que acontecer\u00e1 na encantadora cidade de Jo\u00e3o Pessoa, Para\u00edba, de<strong>\u00a024 a 29 de novembro de 2024<\/strong>. Este evento marca um importante cap\u00edtulo em nossa jornada ap\u00f3s o sucesso do \u00faltimo simp\u00f3sio, realizado h\u00e1 dois anos em Caruaru-PE.<\/p>\n<p>Neste cen\u00e1rio paradis\u00edaco, na capital paraibana, teremos a oportunidade\u00a0de nos reunirmos novamente e renovar os la\u00e7os que os simp\u00f3sios anteriores nos proporcionaram. Este ser\u00e1 um momento de reencontro de velhos amigos, bem como de estabelecimento de novas conex\u00f5es, e uma rica troca de ideias nos aguarda.<\/p>\n<p>O tema central deste simp\u00f3sio \u00e9<strong>\u00a0&#8220;Gest\u00e3o Inteligente dos Recursos H\u00eddricos no Nordeste do Brasil: Utiliza\u00e7\u00e3o de Intelig\u00eancia Artificial e Big Data para Prever, Mitigar e Responder a Eventos Extremos&#8221;<\/strong>. Abordaremos quest\u00f5es cruciais relacionadas \u00e0 aplica\u00e7\u00e3o de tecnologias de ponta para enfrentar os desafios das mudan\u00e7as clim\u00e1ticas e garantir a seguran\u00e7a h\u00eddrica da regi\u00e3o Nordeste.<\/p>\n<p>Com import\u00e2ncia e abrang\u00eancia nacional, o XVII SRHNE contar\u00e1 com grandes palestrantes de \u00e2mbitos nacional e internacional, trazendo ricas e estimulantes discuss\u00f5es para os participantes.<\/p>\n<p>Jo\u00e3o Pessoa oferece beleza natural, cultura rica e pontos tur\u00edsticos memor\u00e1veis, incluindo praias deslumbrantes, o Centro Hist\u00f3rico, o famoso p\u00f4r do sol na Praia do Jacar\u00e9, o Farol do Cabo Branco (ponto mais oriental das Am\u00e9ricas) e o Parque Solon de Lucena, conhecido como Lagoa. \u00c9 o cen\u00e1rio perfeito para nossos encontros e discuss\u00f5es.<\/p>\n<p>Esperamos contar com a sua presen\u00e7a em Jo\u00e3o Pessoa para tornar este simp\u00f3sio mais um marco em nossa jornada de compartilhamento de conhecimento e busca por solu\u00e7\u00f5es inovadoras para os desafios h\u00eddricos em nossa regi\u00e3o.<\/p>\n<p>Mal podemos esperar para receb\u00ea-los em nosso evento e desfrutar juntos de momentos enriquecedores e inspiradores. At\u00e9 breve em Jo\u00e3o Pessoa!<\/p>\n","protected":false},"excerpt":{"rendered":"<p>A ABRHidro e entidades parceiras t\u00eam o prazer de anunciar o nosso t\u00e3o aguardado XVII Simp\u00f3sio de Recursos H\u00eddricos do Nordeste, que acontecer\u00e1 na encantadora cidade de Jo\u00e3o Pessoa, Para\u00edba, de\u00a024 a 29 de novembro de 2024. Este evento marca um importante cap\u00edtulo em nossa jornada ap\u00f3s o sucesso do \u00faltimo simp\u00f3sio, realizado h\u00e1 dois anos em Caruaru-PE. Neste cen\u00e1rio paradis\u00edaco, na capital paraibana, teremos a oportunidade\u00a0de nos reunirmos novamente e renovar os la\u00e7os que os simp\u00f3sios anteriores nos proporcionaram. Este ser\u00e1 um momento de reencontro de velhos amigos, bem como de estabelecimento de novas conex\u00f5es, e uma rica troca de ideias nos aguarda. O tema central deste simp\u00f3sio \u00e9\u00a0&#8220;Gest\u00e3o Inteligente dos Recursos H\u00eddricos no Nordeste do Brasil: Utiliza\u00e7\u00e3o de Intelig\u00eancia Artificial e Big Data para Prever, Mitigar e Responder a Eventos Extremos&#8221;. Abordaremos quest\u00f5es cruciais relacionadas \u00e0 aplica\u00e7\u00e3o de tecnologias de ponta para enfrentar os desafios das mudan\u00e7as clim\u00e1ticas e garantir a seguran\u00e7a h\u00eddrica da regi\u00e3o Nordeste. Com import\u00e2ncia e abrang\u00eancia nacional, o XVII SRHNE contar\u00e1 com grandes palestrantes de \u00e2mbitos nacional e internacional, trazendo ricas e estimulantes discuss\u00f5es para os participantes. Jo\u00e3o Pessoa oferece beleza natural, cultura rica e pontos tur\u00edsticos memor\u00e1veis, incluindo praias deslumbrantes, o Centro Hist\u00f3rico, o famoso p\u00f4r do sol na Praia do Jacar\u00e9, o Farol do Cabo Branco (ponto mais oriental das Am\u00e9ricas) e o Parque Solon de Lucena, conhecido como Lagoa. \u00c9 o cen\u00e1rio perfeito para nossos encontros e discuss\u00f5es. Esperamos contar com a sua presen\u00e7a em Jo\u00e3o Pessoa para tornar este simp\u00f3sio mais um marco em nossa jornada de compartilhamento de conhecimento e busca por solu\u00e7\u00f5es inovadoras para os desafios h\u00eddricos em nossa regi\u00e3o. Mal podemos esperar para receb\u00ea-los em nosso evento e desfrutar juntos de momentos enriquecedores e inspiradores. At\u00e9 breve em Jo\u00e3o Pessoa!<\/p>\n","protected":false},"author":1,"featured_media":723,"template":"","meta":{"nf_dc_page":"","_tribe_events_status":"","_tribe_events_status_reason":"","footnotes":""},"tags":[],"tribe_events_cat":[],"class_list":["post-719","tribe_events","type-tribe_events","status-publish","has-post-thumbnail","hentry"],"jetpack_sharing_enabled":true,"_links":{"self":[{"href":"https:\/\/cepas.ufc.br\/pt_br\/wp-json\/wp\/v2\/tribe_events\/719","targetHints":{"allow":["GET"]}}],"collection":[{"href":"https:\/\/cepas.ufc.br\/pt_br\/wp-json\/wp\/v2\/tribe_events"}],"about":[{"href":"https:\/\/cepas.ufc.br\/pt_br\/wp-json\/wp\/v2\/types\/tribe_events"}],"author":[{"embeddable":true,"href":"https:\/\/cepas.ufc.br\/pt_br\/wp-json\/wp\/v2\/users\/1"}],"version-history":[{"count":1,"href":"https:\/\/cepas.ufc.br\/pt_br\/wp-json\/wp\/v2\/tribe_events\/719\/revisions"}],"predecessor-version":[{"id":722,"href":"https:\/\/cepas.ufc.br\/pt_br\/wp-json\/wp\/v2\/tribe_events\/719\/revisions\/722"}],"wp:featuredmedia":[{"embeddable":true,"href":"https:\/\/cepas.ufc.br\/pt_br\/wp-json\/wp\/v2\/media\/723"}],"wp:attachment":[{"href":"https:\/\/cepas.ufc.br\/pt_br\/wp-json\/wp\/v2\/media?parent=719"}],"wp:term":[{"taxonomy":"post_tag","embeddable":true,"href":"https:\/\/cepas.ufc.br\/pt_br\/wp-json\/wp\/v2\/tags?post=719"},{"taxonomy":"tribe_events_cat","embeddable":true,"href":"https:\/\/cepas.ufc.br\/pt_br\/wp-json\/wp\/v2\/tribe_events_cat?post=719"}],"curies":[{"name":"wp","href":"https:\/\/api.w.org\/{rel}","templated":true}]}}

XVII Simpósio de Recursos Hídricos do Nordeste

<p>A ABRHidro e entidades parceiras têm o prazer de anunciar o nosso tão aguardado XVII Simpósio de Recursos Hídricos do Nordeste, que acontecerá na encantadora cidade de João Pessoa, Paraíba, de<strong> 24 a 29 de novembro de 2024</strong>. Este evento marca um importante capítulo em nossa jornada após o sucesso do último simpósio, realizado há dois anos em Caruaru-PE.</p>
<p>Neste cenário paradisíaco, na capital paraibana, teremos a oportunidade de nos reunirmos novamente e renovar os laços que os simpósios anteriores nos proporcionaram. Este será um momento de reencontro de velhos amigos, bem como de estabelecimento de novas conexões, e uma rica troca de ideias nos aguarda.</p>
<p>O tema central deste simpósio é<strong> &#8220;Gestão Inteligente dos Recursos Hídricos no Nordeste do Brasil: Utilização de Inteligência Artificial e Big Data para Prever, Mitigar e Responder a Eventos Extremos&#8221;</strong>. Abordaremos questões cruciais relacionadas à aplicação de tecnologias de ponta para enfrentar os desafios das mudanças climáticas e garantir a segurança hídrica da região Nordeste.</p>
<p>Com importância e abrangência nacional, o XVII SRHNE contará com grandes palestrantes de âmbitos nacional e internacional, trazendo ricas e estimulantes discussões para os participantes.</p>
<p>João Pessoa oferece beleza natural, cultura rica e pontos turísticos memoráveis, incluindo praias deslumbrantes, o Centro Histórico, o famoso pôr do sol na Praia do Jacaré, o Farol do Cabo Branco (ponto mais oriental das Américas) e o Parque Solon de Lucena, conhecido como Lagoa. É o cenário perfeito para nossos encontros e discussões.</p>
<p>Esperamos contar com a sua presença em João Pessoa para tornar este simpósio mais um marco em nossa jornada de compartilhamento de conhecimento e busca por soluções inovadoras para os desafios hídricos em nossa região.</p>
<p>Mal podemos esperar para recebê-los em nosso evento e desfrutar juntos de momentos enriquecedores e inspiradores. Até breve em João Pessoa!</p>

<p>A ABRHidro e entidades parceiras têm o prazer de anunciar o nosso tão aguardado XVII Simpósio de Recursos Hídricos do Nordeste, que acontecerá na encantadora cidade de João Pessoa, Paraíba, de 24 a 29 de novembro de 2024. Este evento marca um importante capítulo em nossa jornada após o sucesso do último simpósio, realizado há dois anos em Caruaru-PE. Neste cenário paradisíaco, na capital paraibana, teremos a oportunidade de nos reunirmos novamente e renovar os laços que os simpósios anteriores nos proporcionaram. Este será um momento de reencontro de velhos amigos, bem como de estabelecimento de novas conexões, e uma rica troca de ideias nos aguarda. O tema central deste simpósio é &#8220;Gestão Inteligente dos Recursos Hídricos no Nordeste do Brasil: Utilização de Inteligência Artificial e Big Data para Prever, Mitigar e Responder a Eventos Extremos&#8221;. Abordaremos questões cruciais relacionadas à aplicação de tecnologias de ponta para enfrentar os desafios das mudanças climáticas e garantir a segurança hídrica da região Nordeste. Com importância e abrangência nacional, o XVII SRHNE contará com grandes palestrantes de âmbitos nacional e internacional, trazendo ricas e estimulantes discussões para os participantes. João Pessoa oferece beleza natural, cultura rica e pontos turísticos memoráveis, incluindo praias deslumbrantes, o Centro Histórico, o famoso pôr do sol na Praia do Jacaré, o Farol do Cabo Branco (ponto mais oriental das Américas) e o Parque Solon de Lucena, conhecido como Lagoa. É o cenário perfeito para nossos encontros e discussões. Esperamos contar com a sua presença em João Pessoa para tornar este simpósio mais um marco em nossa jornada de compartilhamento de conhecimento e busca por soluções inovadoras para os desafios hídricos em nossa região. Mal podemos esperar para recebê-los em nosso evento e desfrutar juntos de momentos enriquecedores e inspiradores. Até breve em João Pessoa!</p>
